 of (16 + (2 - 0))/p?
True
Let c(a) be the second derivative of -a**5/20 - 2*a**4/3 - 4*a**3/3 + 19*a**2/2 - 36*a. Is 13 a factor of c(-7)?
True
Let w = -480 - -1208. Is w a multiple of 52?
True
Let y = 3 - -11. Let t = -9 + y. Does 3 divide t?
False
Let g = -57 + 62. Suppose g*i = i + 96. Is i a multiple of 20?
False
Does 3 divide 8/(-108) + (-42497)/(-351)?
False
Suppose m + 4*m - 140 = 0. Let a = -21 + m. Does 4 divide a?
False
Suppose -9*d = -849 + 219. Is ((-108)/(-21))/(5/d) a multiple of 10?
False
Let i = -557 - -1054. Is 7 a factor of i?
True
Suppose 16*i - 19*i = -15. Suppose -i*f = -5*d + 170, 2*d + 198 = 7*d + 2*f. Is d a multiple of 2?
True
Suppose -5*x + 7*b = 2*b - 195, -4*b = 12. Does 18 divide x?
True
Let q(j) = j**3 - 63*j**2 - 74*j + 922. Does 60 divide q(64)?
False
Let h = 1 + -3. Let c be (-3)/h*(-36)/27. Does 12 divide c/(1 - (-36)/(-35))?
False
Let q = 231 + 99. Is 11 a factor of q?
True
Let o be ((-6)/(-5))/((-9)/30). Is 9 a factor of o/(-26) + -28*(-267)/78?
False
Let o(j) = j + 56. Let l be o(-17). Let i = l - 20. Is 4 a factor of i?
False
Suppose -3349 = 18*m - 28459. Is 23 a factor of m?
False
Let w(i) = -36*i**2 + 2*i + 1. Let l be w(-1). Let z = l + 28. Let t = 56 - z. Does 6 divide t?
False
Suppose 24 = m - 5*m - v, -v + 39 = -5*m. Let q = 7 - m. Is 7 a factor of q?
True
Is 8 a factor of 3 - (-311 - -2)*1?
True
Does 9 divide (-284)/(-4) - (-3)/4*-4?
False
Let z be (74/4)/((-8)/(-16))*1. Is z + (0 + 1 - -2) a multiple of 8?
True
Let b = -3 - -12. Suppose 0 = -0*f + 5*f - 5*u - 15, -2*f + 5*u - b = 0. Is f a multiple of 8?
True
Let n(f) = -f + 2. Let d(t) = -2*t + 3. Let w(c) = -2*d(c) + 3*n(c). Let h be w(-7). Let u = h + 18. Does 7 divide u?
False
Let n(l) = 16*l + 2. Let d be n(-6). Let m = -51 - d. Let c = m + -13. Does 10 divide c?
True
Let c = 288 + 36. Is c a multiple of 12?
True
Let m(l) = -8*l - 42. Suppose 3*i + 40 = -5*d - 26, -5*d - 5*i = 70. Is m(d) a multiple of 27?
True
Let y be 3/2*146 + -4. Suppose r = 6*r - y. Suppose 0 = -4*g + r + 9. Is 13 a factor of g?
True
Suppose 3*d = 8*d - 2195. Is 10 a factor of d?
False
Let w(m) = -m**2 - 7*m - 3. Let c be w(-6). Suppose -c*y - 3*y = -660. Suppose 5*s - y = -3*k, -2*s = 4*k - 92 + 34. Is 19 a factor of s?
True
Let t(i) = i**2 - 4*i - 49. Is 4 a factor of t(19)?
True
Let o(a) = -a**2 - 6*a**2 + 9*a**2 + 7*a**2. Is o(1) a multiple of 9?
True
Let n(g) = 96*g**2 + 6*g - 16. Does 33 divide n(2)?
False
Let q(x) be the first derivative of -x**4/4 + 4*x**3 - 5*x**2 + 15*x + 5. Let l be q(11). Suppose -l - 49 = -3*t. Is t a multiple of 12?
False
Is 17 a factor of (-8 - 4/8)/((-2)/48)?
True
Suppose 153 = s - 45. Does 9 divide s?
True
Suppose -6*x = -5*x - 525. Does 13 divide x?
False
Let m(q) = 5*q + 28. Let u be m(-8). Let d = 258 - u. Is 15 a factor of d?
True
Let i(x) = x**2 - 38*x - 13. Is i(54) a multiple of 37?
True
Suppose 0 = -21*p + 3141 + 219. Is 22 a factor of p?
False
Suppose 4*p = -0*p - 20. Let f = p - -229. Does 28 divide f?
True
Is 2792/4 + (36 - 31) a multiple of 11?
False
Let h = 13 - 30. Does 29 divide h/102 - 175/(-6)?
True
Let p(q) = -36*q + 16. Does 49 divide p(-5)?
True
Let n(d) = -9*d - 3. Let l(z) = -2*z**2 + 5*z - 4. Let m(g) = g - 1. Let r(y) = l(y) - 5*m(y). Let t be r(-2). Does 15 divide n(t)?
True
Let r(u) = 2*u + 6. Let q be r(-3). Suppose -4*t + 12 = -4*i - 9*t, i + 5*t + 3 = q. Is 13 a factor of 154/6 + (-1)/i?
True
Suppose u + 35*u = 48924. Is 15 a factor of u?
False
Let j = -5 - -8. Let g(x) = 6*x - 4. Let w(n) = n - 1. Let i(k) = j*g(k) - 12*w(k). Does 23 divide i(6)?
False
Suppose -3155 = -4*p + 4469. Does 98 divide p?
False
Let c = -37 - -472. Does 46 divide c?
False
Let d be (0 + 45/2)*(-21 + 5). Is (1 - 3/(-9))*d/(-16) a multiple of 6?
True
Let b(q) = q**3 + 7*q**2 + 2*q - 2. Let r be b(-6). Suppose 3*w - 2*i = -7*i + r, -3*w + 4*i + 4 = 0. Is w a multiple of 2?
True
Does 65 divide (-5201)/(-4) - (12 - 47/4)?
True
Suppose 39 + 5 = -4*q. Let b be (2 + q)*(-2)/(-6). Is 9 a factor of ((-11)/b)/(1/9)?
False
Let t(v) = -v**3 - 11*v**2 - 4*v - 2. Suppose -2*z - 33 = z. Let q be t(z). Suppose 0 = -w + 2*u + q, -5*u = -5*w + 4*w + 48. Is 19 a factor of w?
True
Let c be ((-6)/4)/((-8)/16). Suppose d - 797 = -4*o, -c*o + 2*o = -4*d - 212. Is 37 a factor of o?
False
Let o(j) = 15*j + 100. Is o(10) a multiple of 26?
False
Let h = 33 - -78. Suppose 4*z - h - 5 = 0. Is 11 a factor of z?
False
Let t(s) = 23*s - 17. Let l be t(7). Suppose 3*j = -6*j + l. Is j a multiple of 6?
False
Does 6 divide (-266)/(-28)*18/15*5?
False
Let s = 1 + 0. Suppose c - z = -50, -3*z = -5*c - 199 - 51. Does 14 divide 3 + (3/s - c)?
True
Let k = -562 + 564. Let h be 86/6 + 1/(-3). Suppose w = -k + h. Does 6 divide w?
True
Let f(p) = -222*p - 100. Is 61 a factor of f(-1)?
True
Let m(x) = x**2 - 8*x + 16. Let y(n) = n**3 - 3*n**2 + n - 13. Let h be y(4). Does 7 divide m(h)?
False
Let x(u) = 25*u - 56. Does 12 divide x(18)?
False
Suppose 4*q + 5 = -q. Let p(w) = -113*w**3 - w**2. Is p(q) a multiple of 28?
True
Let q = 24 + -29. Does 7 divide ((q/(-10))/(-1))/((-2)/68)?
False
Suppose -3*b = 5*y + 908, 551 = -5*y + 4*b - 350. Let s = -109 - y. Does 36 divide s?
True
Let z(h) = -h + 15. Let x be z(11). Suppose 0 = -x*r + 10 + 2. Suppose 3 = r*b, -5*b = -4*w - 0*b + 107. Is 20 a factor of w?
False
Is (112/(-35))/(14/(-4515)) a multiple of 8?
True
Suppose 0*c + 26 = 2*c. Suppose -34 + c = -7*l. Suppose -l = 3*w - 48. Is 15 a factor of w?
True
Let n = 7 - 8. Let q be 5/(n - (-3 + 1)). Suppose 7*a - 4*a - 193 = q*k, 5*k = -3*a + 173. Does 12 divide a?
False
Suppose -4*q = -13 - 7. Suppose 4*j + 141 - 4 = q*z, z + 2*j = 33. Is 7 a factor of z?
False
Let x(v) = v**2 - 7*v - 11. Let o be x(9). Suppose -p = 2*a - 79, -2*p - o*a + 156 = -2*a. Suppose -p + 23 = -3*t. Is 20 a factor of t?
True
Let q(j) = -j**2 - 8*j + 12. Let u be -4 - ((-1)/(-3))/((-5)/(-45)). Does 4 divide q(u)?
False
Suppose 0 = v + 4*v + 4*x + 31, -x - 4 = 0. Let f be (-4)/(2/(v + 5)). Let j(a) = 2*a**2 - a - 2. Does 14 divide j(f)?
False
Let r(b) = b**3 - 8*b**2 + 6*b. Let o be r(6). Let y(l) = 3*l**3 - 2*l**2 + 5*l - 2. Let p be y(3). Let t = p + o. Is t a multiple of 12?
False
Suppose 29*s - 33*s = -7456. Does 57 divide s?
False
Let f(y) = -36*y + 279. Is f(-4) a multiple of 10?
False
Does 45 divide 0 + 809 + 0 + 1?
True
Suppose -3*w = -3*d - 156, 5*w - 274 = d - 3*d. Suppose 3*a + 3*a = w. Is a a multiple of 2?
False
Suppose -3*p - 3*y + 0*y + 6 = 0, 4*p - 3*y + 20 = 0. Let v(o) = 5*o**2 - 8*o + 5. Let x be v(3). Let w = x + p. Does 12 divide w?
True
Let h(n) = 2*n + 4. Let o be h(0). Suppose -x + 0*k - 3*k + 10 = 0, -o*x = -k - 79. Is 10 a factor of x?
False
Suppose 2*a + 12 = 3*i - a, 3*i + 4*a = 5. Suppose -2*c = -i*c + 26. Does 7 divide c?
False
Let u = -2054 - -2692. Does 10 divide u?
False
Let m(s) = -6*s**3 + 2*s**2 - 7*s - 13. Let k(w) = 7*w**3 - w**2 + 8*w + 12. Let t(u) = 5*k(u) + 6*m(u). Does 5 divide t(6)?
False
Let z(c) = -2*c**2 - 4*c - 2. Let j be z(-2). Let m be (12/(-18))/(j/3). Is 19 a factor of 0/(-3) - m - -39?
True
Let h be 30*(0 + (-5 + 3 - -29)). Suppose -176 = 2*g + 4*a - h, -4*g = a - 1268. Is 42 a factor of g?
False
Suppose z + 8 + 71 = 0. Let g = z - -131. Does 8 divide g?
False
Suppose 2*m = -w + 2, -5*m + 10 = -4*w + 57. Suppose -7*l - 80 = -w*l. Is 20 a factor of l?
True
Let w(z) = -z**3 + 3*z**2 + 11*z - 1. Let r be w(5). Suppose -6*l + 4 = -r*l. Suppose 5*b = -4*f + 97, -3*f + l*b = b - 87. Is 7 a factor of f?
True
Suppose p - 4*y = 6*p - 2125, y - 1711 = -4*p. Does 15 divide 4/22 + (-13)/(p/(-2040))?
False
Let z(q) = -q**2 + 16*q - 44. Let t be z(4). Suppose 177 = 4*v + j - 154, 3*v - 242 = -2*j. Suppose 3*p + s = v, t*s = -3*p - 8 + 83. Does 15 divide p?
False
Suppose -3*u - 7*s = -1249 - 3015, -3*s = u - 1422. Is 33 a factor of u?
True
Is (10 - 7)/(2/858) a multiple of 13?
True
Let v be 2/(-8) - 267/(-12). Let t be (11/v)/((-1)/(-74)). Suppose 2*d - t = 9. Does 23 divide d?
True
Let y(o) = -2*o**3 + 12*o**2 + 2*o - 7. Let b be y(6). Suppose -r = -3*m + 481, -b*m + r + 230 = -569. Is 18 a factor of m?
False
Suppose -28 - 32 = -5*h. Suppose 2*k = k + h. Let m = k + 3. Does 8 divide m?
False
Let p = 99 - 174. Let a = p + 153. Does 39 divide a?
True
Let k = -6 - -362. I